 Suppose 5*i + 3*p = 751, 4*i - d*p + 4*p - 611 = 0. What is the tens digit of i?
5
Let p = -1246 - -4409. Suppose -13*q + 1101 = -p. What is the hundreds digit of q?
3
Suppose -2*v - x = -9843, 33121 - 8533 = 5*v - 4*x. What is the tens digit of v?
2
Suppose 5*x + 13*j = 18*j + 37430, -4*j = -2*x + 14962. What is the units digit of x?
1
Let o(q) be the third derivative of 13*q**5/60 + q**4/6 - 6*q**3 - 35*q**2 - 3*q. What is the tens digit of o(5)?
0
Let k(h) = 11*h - 21. Let g(n) = n + 1. Suppose 10*m + 6*m = 32. Let t(y) = m*g(y) + k(y). What is the hundreds digit of t(15)?
1
Let y(l) = 131*l**2 + 13*l - 98. What is the thousands digit of y(8)?
8
Suppose -4*p = 431 + 321. Let m = 1131 + p. What is the tens digit of m?
4
Suppose -5*q + 191103 = 4*d, -4*q = 12*d - 9*d - 143326. What is the hundreds digit of d?
7
Let t(r) = -3308*r**3 - 6*r**2 - 77*r - 150. What is the hundreds digit of t(-2)?
4
Let z(g) = -102*g - 112. Let v(w) = -w + 1. Let m(n) = -4*v(n) - z(n). What is the tens digit of m(4)?
3
Suppose -2*z - 3*x + 43921 = 0, 345*x = -z + 350*x + 21993. What is the tens digit of z?
6
What is the thousands digit of -10 - (175625 + 19)/(-9)?
9
Suppose -z - 4*v = 80, -3*z - 188 = -0*z - v. Let f = z - -35. Let p = 59 + f. What is the tens digit of p?
3
What is the hundreds digit of (-5)/(10/(-33568)) + 32/152*19?
7
Let y(x) = -14*x**3 + 3*x**2 - 3*x + 86. What is the units digit of y(-6)?
6
Suppose 4*b - 3453 = -5*d + 1134, 3*b - 2748 = -3*d. What is the units digit of d?
3
Let w(f) = -20*f + 4505. What is the tens digit of w(5)?
0
Suppose 2*h + 17 = -5*k + 525, -3*h + 4*k = -762. Suppose 251*r + 519 = h*r. What is the hundreds digit of r?
1
Let f(h) = h**2 + 1. Let g(k) be the first derivative of k**4/4 + 4*k**3 - k**2 - 18. Let j(n) = 5*f(n) + g(n). What is the units digit of j(-17)?
9
Suppose 0 = 29*c - 27*c - 40. What is the units digit of 2/c + 6713/70?
6
Suppose 4*v + l - 94026 = -6664, 4*v - 87352 = 4*l. What is the thousands digit of v?
1
Let n = 8340 + 1337. What is the thousands digit of n?
9
Suppose 2*g + 1061*d - 1064*d - 14106 = 0, 5*d = 3*g - 21159. What is the tens digit of g?
5
Let a(b) = -4*b**3 + b**2 + 5*b + 5. Let m be a(-2). Suppose -3*u - 80 - m = 0. Let p = u + 198. What is the hundreds digit of p?
1
Let q(n) = 9*n**2 - 4*n + 2. Let d be q(5). Suppose 4*k - 2*k - 2 = 0, 0 = 4*w - 3*k + d. Let f = 64 + w. What is the units digit of f?
3
Suppose -2*d + 6284 + 12699 = 4247. What is the tens digit of d?
6
Let w = 383 - 269. Suppose 0 = -2*h + 22 + 30. Let t = w - h. What is the tens digit of t?
8
Let p(s) = 3*s + 23. Let x be p(-7). Suppose -4*w + 3*i = -2216 - 390, w - 646 = -x*i. What is the tens digit of w?
5
Suppose 5*s + 2*s = 13716 - 4315. What is the units digit of s?
3
Let u = 41 + -42. Let l be (12 + -71)/(u - -2). Let r = 5 - l. What is the tens digit of r?
6
Let m be -2*4/(-9 - -5). Let u = m - -2. What is the hundreds digit of 636*-1*u/(-12)?
2
Suppose 3*n - 8*n + 23 = -j, 0 = 4*n - 5*j - 31. Suppose n = -g, 2*v - 5*g - 68 = 420. What is the hundreds digit of v?
2
Let i(d) = -d**2 - 37*d + 123. Let k be i(-40). Suppose 4*q + 3916 = 9*q - 3*r, r = k*q - 2348. What is the hundreds digit of q?
7
Suppose -2*g - 784 = 5*a - 5*g, 2*g = -2*a - 320. Suppose 22*k - 1547 = 3491. Let b = a + k. What is the tens digit of b?
7
Let h be (0 + 1)/(11/(-165))*1. Let w be -5*6/h - 2. Suppose w = 8*o - 9*o + 141. What is the hundreds digit of o?
1
Let o = 44167 - 30552. What is the hundreds digit of o?
6
Let t = 3 + 25. Let d = -277 - t. Let y = -167 - d. What is the units digit of y?
8
Suppose 0*v + 3*v + l = 17, 5*l = 2*v + 17. Suppose v + 2 = -3*w. What is the tens digit of 2 + 2 + (-126)/w?
6
Let y be (-8 + 5)*1 - -8. Suppose -3*v = 4*h - 2477, 0 = 6*v - 2*v + y*h - 3304. What is the hundreds digit of v?
8
Suppose -w + 0*w + 70 = 5*m, 5*w = -m + 14. Let f be m/21 - (0 - 32/6). Suppose 552 = 3*o - 2*j, -f*j + 12 = -2*j. What is the tens digit of o?
8
Let a(f) = 16*f**2 - 263*f + 39. What is the tens digit of a(-42)?
0
Let j = 196 + -194. Suppose -2*i - j*i - 20 = 0, 5*y - 2*i = 1195. What is the hundreds digit of y?
2
What is the units digit of ((-4)/2)/(-2)*(48824 + -1)?
3
Let b be ((-3)/6 - 0/2)*-10. Let r(f) = -4*f**2 + 2*f - 10. Let y be r(b). What is the tens digit of ((-5)/y*5)/(2/152)?
1
Suppose -z - 20113 = -5*c, 19*z - 17*z = -2*c + 8050. Suppose -31*j + c = -22*j. What is the hundreds digit of j?
4
Let z(x) = 8*x**3 - 2*x**2 - x. Let n be z(-2). Let l be 594/5*n/(-14). Suppose t - 7*t = -l. What is the tens digit of t?
9
Let y = -476 - -469. What is the hundreds digit of 0 - (y + 0) - -312?
3
Let q(x) = -13*x + 2. Suppose 4*w - 8 = -0*w - 4*i, -5*w = -4*i + 26. Let r be q(w). Suppose 12*b = -r + 1504. What is the hundreds digit of b?
1
Let x = -165 - -173. Suppose x*j - 1558 = -526. What is the hundreds digit of j?
1
Let w(z) = -2*z**2 + z + 3 - 27 + 7*z**2. What is the units digit of w(6)?
2
Suppose 59 + 5 = -8*j. What is the units digit of (3272/j)/((-6)/(-4) + -2)?
8
Suppose 0 = -3*a + 5*y + 164, 3*a = -a + 5*y + 222. Let f(x) = -5*x**2 + 111*x - 19. Let s be f(22). Suppose -a = -s*g + 2*g. What is the tens digit of g?
5
Let v be (2/(-2))/(-1) + 38. Let i(l) = 8*l**3 + 24*l**2 + 5*l + 19. Let f be i(-3). What is the units digit of (267/v + f/26)/1?
7
Let z be 12/2*((-65)/(-15) + -6). Let y be 122*(24/(-40) - 11/z). Suppose -10 = 2*d, 2*a = -3*d + 190 - y. What is the units digit of a?
2
Suppose 0 = -3*c - 10*z + 7*z + 30, -c + 5*z = 14. Suppose 0 = -5*j + c*j - 709. What is the hundreds digit of j?
7
Suppose 5*k - 24435 = -5*z, 7*z + 4881 = 8*z - 5*k. What is the tens digit of z?
8
Suppose 6*d - 42 = -d. Suppose 91 + 95 = d*t. Let y = 13 + t. What is the units digit of y?
4
What is the tens digit of 10632*((-110)/20 - (-8 + 2))?
1
Suppose -3*b = 4*g - 171 - 18, 4*b - 192 = -4*g. Suppose -3*p + 6 = 2*j, 3*p + 5 = 8*p + 5*j. Suppose g = p*u - 207. What is the units digit of u?
3
Let n = -1946 - -1040. Let t = -504 - n. What is the hundreds digit of t?
4
Suppose -3*t = -12, 8*t - 60 = -4*n + 10*t. Suppose 0 = -6*k - n*k + 9982. What is the units digit of k?
4
What is the hundreds digit of 45575*(-57)/(-95)*(-1)/(-3)?
1
Let r = -35278 + 103323. What is the hundreds digit of r?
0
Let p be 44/(-55) + 44/5. Suppose -3*a = -p*a - 495. Let n = 300 + a. What is the units digit of n?
1
What is the units digit of 2674/(-14)*(-2)/(2/5)?
5
Suppose -4*j + 292 = 5*a, -3*a + 73 = j - 4*a. Let m = j - 70. Suppose -m*c - v + 132 = 0, -6*c - 2*v + 176 = -2*c. What is the units digit of c?
4
Suppose -9*h + 4*h = -4*t - 104236, -62586 = -3*h - 5*t. What is the tens digit of h?
5
Let f = 190 - -126. Suppose 5*l - 1613 = 6*t - 10*t, 3*t = -l + f. What is the tens digit of l?
2
Let b = -624 - -629. Suppose -7*r = -b*r - 3*w - 96, 57 = r + 3*w. What is the units digit of r?
1
Suppose -4*a + 5*y + 7 = 0, -2*a - y = 3*y - 10. Suppose 216 = -0*v + a*v. What is the tens digit of v?
7
Let r = 40 + -38. Suppose 5*b = 2*x + 7, 23 = b + 4*b + r*x. Suppose 334 = b*w - 4*k, 2*w + 322 = 5*w - k. What is the units digit of w?
6
Let w be (58/(-18) - -3)*9/(-1). Suppose 4 = -2*y, 5*b - w*y = 6*b - 105. What is the tens digit of b?
0
Let k(x) = -11473*x - 8736. What is the ten thousands digit of k(-7)?
7
Let b(d) = -2*d**3 - d**2 - 3*d - 2. Let h = 20 + -21. Let p be b(h). Suppose 4*k + 242 = p*u, -u + 94 = -5*k - 15. What is the hundreds digit of u?
1
Let k(r) = -5*r + 76. Let o be k(15). What is the tens digit of (20 + -21)/(o/(-331))?
3
Let v = -3190 + 4525. Suppose 16*w = 11*w + v. What is the units digit of w?
7
Let p = 19565 + -12305. Suppose 12*c - p = -888. What is the hundreds digit of c?
5
What is the tens digit of 45591/21 + (-4)/8*-2?
7
Let c = 95641 + -54220. What is the ten thousands digit of c?
4
Suppose 0 = 28*u - 27*u + 6. Let l(m) = -35*m - 11. Let w be l(u). Let j = w - 109. What is the tens digit of j?
9
Suppose -4*s - 14 = -5*k + 6, 4 = k - 3*s. Suppose 5*o + 4303 = k*t - 1826, 0 = t - 2*o - 1533. What is the thousands digit of t?
1
Suppose 2*s + 65934 = 2*n, -40*n + s - 98873 = -43*n. What is the tens digit of n?
6
Let y = -14 - -18. What is the tens digit of (-2737)/(-5) + y/(-10) - -3?
5
Suppose 0 = i - 10 - 2. Suppose -i*u = 